{"id":159,"date":"2022-08-29T09:38:53","date_gmt":"2022-08-29T09:38:53","guid":{"rendered":"http:\/\/test.cas-chasseron.ch\/wordpress\/?page_id=159"},"modified":"2024-11-01T17:16:54","modified_gmt":"2024-11-01T16:16:54","slug":"chalet-les-illars","status":"publish","type":"page","link":"https:\/\/cas-chasseron.ch\/index.php\/chalet-les-illars\/","title":{"rendered":"Chalet Les Illars"},"content":{"rendered":"<p><code><div id=\"metaslider-id-198\" style=\"width: 100%;\" class=\"ml-slider-3-108-0 metaslider metaslider-nivo metaslider-198 ml-slider has-dots-nav ms-theme-nivo-light\" role=\"region\" aria-label=\"Les illars\" data-height=\"300\" data-width=\"700\">\n    <div id=\"metaslider_container_198\">\n        <div class='slider-wrapper theme-default'><div class='ribbon'><\/div><div id='metaslider_198' class='nivoSlider'><img loading=\"lazy\" decoding=\"async\" width=\"2560\" height=\"1920\" src=\"https:\/\/cas-chasseron.ch\/wp-content\/uploads\/2022\/08\/2012-12-09-10.56.18-1-scaled.jpg\" class=\"slider-198 slide-205 msDefaultImage\" alt=\"colinne enneig\u00e9e, au sommet le chalet des illards, \u00e0 c\u00f4t\u00e9s des sapins et dans le fond un ciel bleu\" data-caption=\"\" data-thumb=\"\" title=\"les illards\" rel=\"\" srcset=\"https:\/\/cas-chasseron.ch\/wp-content\/uploads\/2022\/08\/2012-12-09-10.56.18-1-scaled.jpg 2560w, https:\/\/cas-chasseron.ch\/wp-content\/uploads\/2022\/08\/2012-12-09-10.56.18-1-300x225.jpg 300w, https:\/\/cas-chasseron.ch\/wp-content\/uploads\/2022\/08\/2012-12-09-10.56.18-1-1024x768.jpg 1024w, https:\/\/cas-chasseron.ch\/wp-content\/uploads\/2022\/08\/2012-12-09-10.56.18-1-768x576.jpg 768w, https:\/\/cas-chasseron.ch\/wp-content\/uploads\/2022\/08\/2012-12-09-10.56.18-1-1536x1152.jpg 1536w, https:\/\/cas-chasseron.ch\/wp-content\/uploads\/2022\/08\/2012-12-09-10.56.18-1-2048x1536.jpg 2048w\" sizes=\"auto, 100vw\" \/><img loading=\"lazy\" decoding=\"async\" width=\"2560\" height=\"1920\" src=\"https:\/\/cas-chasseron.ch\/wp-content\/uploads\/2022\/08\/2012-12-09-10.56.45-1-scaled.jpg\" class=\"slider-198 slide-203 msDefaultImage\" alt=\"paysage enneig\u00e9, grand champs blanc, au loin des sapin sous le ciel bleu\" data-caption=\"\" data-thumb=\"\" title=\"les illards\" rel=\"\" srcset=\"https:\/\/cas-chasseron.ch\/wp-content\/uploads\/2022\/08\/2012-12-09-10.56.45-1-scaled.jpg 2560w, https:\/\/cas-chasseron.ch\/wp-content\/uploads\/2022\/08\/2012-12-09-10.56.45-1-300x225.jpg 300w, https:\/\/cas-chasseron.ch\/wp-content\/uploads\/2022\/08\/2012-12-09-10.56.45-1-1024x768.jpg 1024w, https:\/\/cas-chasseron.ch\/wp-content\/uploads\/2022\/08\/2012-12-09-10.56.45-1-768x576.jpg 768w, https:\/\/cas-chasseron.ch\/wp-content\/uploads\/2022\/08\/2012-12-09-10.56.45-1-1536x1152.jpg 1536w, https:\/\/cas-chasseron.ch\/wp-content\/uploads\/2022\/08\/2012-12-09-10.56.45-1-2048x1536.jpg 2048w\" sizes=\"auto, 100vw\" \/><img loading=\"lazy\" decoding=\"async\" width=\"2560\" height=\"1920\" src=\"https:\/\/cas-chasseron.ch\/wp-content\/uploads\/2022\/08\/2012-12-09-10.57.08-1-scaled.jpg\" class=\"slider-198 slide-204 msDefaultImage\" alt=\"paysage enneig\u00e9, grand champs blanc, des sapin au premier et second plan sous le ciel bleu\" data-caption=\"\" data-thumb=\"\" title=\"les illards\" rel=\"\" srcset=\"https:\/\/cas-chasseron.ch\/wp-content\/uploads\/2022\/08\/2012-12-09-10.57.08-1-scaled.jpg 2560w, https:\/\/cas-chasseron.ch\/wp-content\/uploads\/2022\/08\/2012-12-09-10.57.08-1-300x225.jpg 300w, https:\/\/cas-chasseron.ch\/wp-content\/uploads\/2022\/08\/2012-12-09-10.57.08-1-1024x768.jpg 1024w, https:\/\/cas-chasseron.ch\/wp-content\/uploads\/2022\/08\/2012-12-09-10.57.08-1-768x576.jpg 768w, https:\/\/cas-chasseron.ch\/wp-content\/uploads\/2022\/08\/2012-12-09-10.57.08-1-1536x1152.jpg 1536w, https:\/\/cas-chasseron.ch\/wp-content\/uploads\/2022\/08\/2012-12-09-10.57.08-1-2048x1536.jpg 2048w\" sizes=\"auto, 100vw\" \/><img loading=\"lazy\" decoding=\"async\" width=\"2560\" height=\"1920\" src=\"https:\/\/cas-chasseron.ch\/wp-content\/uploads\/2022\/08\/2012-12-09-10.56.29-1-scaled.jpg\" class=\"slider-198 slide-206 msDefaultImage\" alt=\"colinne enneig\u00e9e, au sommet le chalet des illards, \u00e0 c\u00f4t\u00e9s des sapins et dans le fond un ciel bleu\" data-caption=\"\" data-thumb=\"\" title=\"les illards\" rel=\"\" srcset=\"https:\/\/cas-chasseron.ch\/wp-content\/uploads\/2022\/08\/2012-12-09-10.56.29-1-scaled.jpg 2560w, https:\/\/cas-chasseron.ch\/wp-content\/uploads\/2022\/08\/2012-12-09-10.56.29-1-300x225.jpg 300w, https:\/\/cas-chasseron.ch\/wp-content\/uploads\/2022\/08\/2012-12-09-10.56.29-1-1024x768.jpg 1024w, https:\/\/cas-chasseron.ch\/wp-content\/uploads\/2022\/08\/2012-12-09-10.56.29-1-768x576.jpg 768w, https:\/\/cas-chasseron.ch\/wp-content\/uploads\/2022\/08\/2012-12-09-10.56.29-1-1536x1152.jpg 1536w, https:\/\/cas-chasseron.ch\/wp-content\/uploads\/2022\/08\/2012-12-09-10.56.29-1-2048x1536.jpg 2048w\" sizes=\"auto, 100vw\" \/><\/div><\/div>\n        \n    <\/div>\n<\/div><\/code><\/p>\n<p>Les Illars est le lieu de rencontre des clubistes. C&rsquo;est un chalet priv\u00e9 qui est gardienn\u00e9 par nos membres.<\/p>\n<p>Accessible depuis les Cluds ou depuis la Robella.<\/p>\n<p><iframe loading=\"lazy\" style=\"border: 0;\" src=\"https:\/\/www.google.com\/maps\/embed?pb=!1m18!1m12!1m3!1d1364.0619673605452!2d6.557221478113845!3d46.86093340370616!2m3!1f0!2f0!3f0!3m2!1i1024!2i768!4f13.1!3m3!1m2!1s0x0%3A0xf8010a8ddf75541d!2zNDbCsDUxJzM2LjQiTiA2wrAzMyc0My4yIkU!5e0!3m2!1sfr!2sch!4v1666261205727!5m2!1sfr!2sch\" width=\"600\" height=\"450\" allowfullscreen=\"allowfullscreen\" data-mce-fragment=\"1\"><\/iframe><\/p>\n<p><code><\/code><\/p>\n","protected":false},"excerpt":{"rendered":"<p>Les Illars est le lieu de rencontre des clubistes. C&rsquo;est un chalet priv\u00e9 qui est gardienn\u00e9 par nos membres. Accessible depuis les Cluds ou depuis la Robella.<\/p>\n","protected":false},"author":1,"featured_media":0,"parent":0,"menu_order":0,"comment_status":"closed","ping_status":"closed","template":"","meta":{"footnotes":""},"class_list":["post-159","page","type-page","status-publish","hentry"],"_links":{"self":[{"href":"https:\/\/cas-chasseron.ch\/index.php\/wp-json\/wp\/v2\/pages\/159","targetHints":{"allow":["GET"]}}],"collection":[{"href":"https:\/\/cas-chasseron.ch\/index.php\/wp-json\/wp\/v2\/pages"}],"about":[{"href":"https:\/\/cas-chasseron.ch\/index.php\/wp-json\/wp\/v2\/types\/page"}],"author":[{"embeddable":true,"href":"https:\/\/cas-chasseron.ch\/index.php\/wp-json\/wp\/v2\/users\/1"}],"replies":[{"embeddable":true,"href":"https:\/\/cas-chasseron.ch\/index.php\/wp-json\/wp\/v2\/comments?post=159"}],"version-history":[{"count":8,"href":"https:\/\/cas-chasseron.ch\/index.php\/wp-json\/wp\/v2\/pages\/159\/revisions"}],"predecessor-version":[{"id":2094,"href":"https:\/\/cas-chasseron.ch\/index.php\/wp-json\/wp\/v2\/pages\/159\/revisions\/2094"}],"wp:attachment":[{"href":"https:\/\/cas-chasseron.ch\/index.php\/wp-json\/wp\/v2\/media?parent=159"}],"curies":[{"name":"wp","href":"https:\/\/api.w.org\/{rel}","templated":true}]}}

<p><code><div id="metaslider-id-198" style="width: 100%;" class="ml-slider-3-108-0 metaslider metaslider-nivo metaslider-198 ml-slider has-dots-nav ms-theme-nivo-light" role="region" aria-label="Les illars" data-height="300" data-width="700">
    <div id="metaslider_container_198">
        <div class='slider-wrapper theme-default'><div class='ribbon'></div><div id='metaslider_198' class='nivoSlider'><img loading="lazy" decoding="async" width="2560" height="1920" src="https://cas-chasseron.ch/wp-content/uploads/2022/08/2012-12-09-10.56.18-1-scaled.jpg" class="slider-198 slide-205 msDefaultImage" alt="colinne enneigée, au sommet le chalet des illards, à côtés des sapins et dans le fond un ciel bleu" data-caption="" data-thumb="" title="les illards" rel="" srcset="https://cas-chasseron.ch/wp-content/uploads/2022/08/2012-12-09-10.56.18-1-scaled.jpg 2560w, https://cas-chasseron.ch/wp-content/uploads/2022/08/2012-12-09-10.56.18-1-300x225.jpg 300w, https://cas-chasseron.ch/wp-content/uploads/2022/08/2012-12-09-10.56.18-1-1024x768.jpg 1024w, https://cas-chasseron.ch/wp-content/uploads/2022/08/2012-12-09-10.56.18-1-768x576.jpg 768w, https://cas-chasseron.ch/wp-content/uploads/2022/08/2012-12-09-10.56.18-1-1536x1152.jpg 1536w, https://cas-chasseron.ch/wp-content/uploads/2022/08/2012-12-09-10.56.18-1-2048x1536.jpg 2048w" sizes="auto, 100vw" /><img loading="lazy" decoding="async" width="2560" height="1920" src="https://cas-chasseron.ch/wp-content/uploads/2022/08/2012-12-09-10.56.45-1-scaled.jpg" class="slider-198 slide-203 msDefaultImage" alt="paysage enneigé, grand champs blanc, au loin des sapin sous le ciel bleu" data-caption="" data-thumb="" title="les illards" rel="" srcset="https://cas-chasseron.ch/wp-content/uploads/2022/08/2012-12-09-10.56.45-1-scaled.jpg 2560w, https://cas-chasseron.ch/wp-content/uploads/2022/08/2012-12-09-10.56.45-1-300x225.jpg 300w, https://cas-chasseron.ch/wp-content/uploads/2022/08/2012-12-09-10.56.45-1-1024x768.jpg 1024w, https://cas-chasseron.ch/wp-content/uploads/2022/08/2012-12-09-10.56.45-1-768x576.jpg 768w, https://cas-chasseron.ch/wp-content/uploads/2022/08/2012-12-09-10.56.45-1-1536x1152.jpg 1536w, https://cas-chasseron.ch/wp-content/uploads/2022/08/2012-12-09-10.56.45-1-2048x1536.jpg 2048w" sizes="auto, 100vw" /><img loading="lazy" decoding="async" width="2560" height="1920" src="https://cas-chasseron.ch/wp-content/uploads/2022/08/2012-12-09-10.57.08-1-scaled.jpg" class="slider-198 slide-204 msDefaultImage" alt="paysage enneigé, grand champs blanc, des sapin au premier et second plan sous le ciel bleu" data-caption="" data-thumb="" title="les illards" rel="" srcset="https://cas-chasseron.ch/wp-content/uploads/2022/08/2012-12-09-10.57.08-1-scaled.jpg 2560w, https://cas-chasseron.ch/wp-content/uploads/2022/08/2012-12-09-10.57.08-1-300x225.jpg 300w, https://cas-chasseron.ch/wp-content/uploads/2022/08/2012-12-09-10.57.08-1-1024x768.jpg 1024w, https://cas-chasseron.ch/wp-content/uploads/2022/08/2012-12-09-10.57.08-1-768x576.jpg 768w, https://cas-chasseron.ch/wp-content/uploads/2022/08/2012-12-09-10.57.08-1-1536x1152.jpg 1536w, https://cas-chasseron.ch/wp-content/uploads/2022/08/2012-12-09-10.57.08-1-2048x1536.jpg 2048w" sizes="auto, 100vw" /><img loading="lazy" decoding="async" width="2560" height="1920" src="https://cas-chasseron.ch/wp-content/uploads/2022/08/2012-12-09-10.56.29-1-scaled.jpg" class="slider-198 slide-206 msDefaultImage" alt="colinne enneigée, au sommet le chalet des illards, à côtés des sapins et dans le fond un ciel bleu" data-caption="" data-thumb="" title="les illards" rel="" srcset="https://cas-chasseron.ch/wp-content/uploads/2022/08/2012-12-09-10.56.29-1-scaled.jpg 2560w, https://cas-chasseron.ch/wp-content/uploads/2022/08/2012-12-09-10.56.29-1-300x225.jpg 300w, https://cas-chasseron.ch/wp-content/uploads/2022/08/2012-12-09-10.56.29-1-1024x768.jpg 1024w, https://cas-chasseron.ch/wp-content/uploads/2022/08/2012-12-09-10.56.29-1-768x576.jpg 768w, https://cas-chasseron.ch/wp-content/uploads/2022/08/2012-12-09-10.56.29-1-1536x1152.jpg 1536w, https://cas-chasseron.ch/wp-content/uploads/2022/08/2012-12-09-10.56.29-1-2048x1536.jpg 2048w" sizes="auto, 100vw" /></div></div>
        
    </div>
</div></code></p>
<p>Les Illars est le lieu de rencontre des clubistes. C&rsquo;est un chalet privé qui est gardienné par nos membres.</p>
<p>Accessible depuis les Cluds ou depuis la Robella.</p>
<p><iframe loading="lazy" style="border: 0;" src="https://www.google.com/maps/embed?pb=!1m18!1m12!1m3!1d1364.0619673605452!2d6.557221478113845!3d46.86093340370616!2m3!1f0!2f0!3f0!3m2!1i1024!2i768!4f13.1!3m3!1m2!1s0x0%3A0xf8010a8ddf75541d!2zNDbCsDUxJzM2LjQiTiA2wrAzMyc0My4yIkU!5e0!3m2!1sfr!2sch!4v1666261205727!5m2!1sfr!2sch" width="600" height="450" allowfullscreen="allowfullscreen" data-mce-fragment="1"></iframe></p>
<p><code></code></p>

<p>Les Illars est le lieu de rencontre des clubistes. C&rsquo;est un chalet privé qui est gardienné par nos membres. Accessible depuis les Cluds ou depuis la Robella.</p>
