{"id":1590,"date":"2024-02-01T20:18:06","date_gmt":"2024-02-01T19:18:06","guid":{"rendered":"https:\/\/cas-chasseron.ch\/?post_type=tribe_events&#038;p=1590"},"modified":"2024-02-01T21:06:05","modified_gmt":"2024-02-01T20:06:05","slug":"ski-de-rando-vallee-daoste-avec-guide-pd-ad","status":"publish","type":"tribe_events","link":"https:\/\/cas-chasseron.ch\/index.php\/agenda\/ski-de-rando-vallee-daoste-avec-guide-pd-ad\/","title":{"rendered":"Ski de rando &#8211; Vall\u00e9e d&rsquo;Aoste (avec guide) &#8211; PD, AD"},"content":{"rendered":"<ul>\n<li><span data-contrast=\"none\">9 mars<\/span><br \/>\n<span data-contrast=\"none\">Rendez-vous \u00e0 8h30 \u2013 9h00 \u00e0 Sous le Pont (Saint Remy en Bosses) pour une randonn\u00e9e \u00e0<\/span> <span data-contrast=\"none\">proximit\u00e9. Nuit \u00e0 l\u2019H\u00f4tel Ruitor.<\/span><span data-ccp-props=\"{&quot;201341983&quot;:0,&quot;335559739&quot;:160,&quot;335559740&quot;:259,&quot;469777462&quot;:[1418],&quot;469777927&quot;:[0],&quot;469777928&quot;:[1]}\">\u00a0<\/span><\/li>\n<li><span data-contrast=\"none\">10 mars<\/span><br \/>\n<span data-contrast=\"none\">T\u00eate des Fras depuis Morge \u2013 la Salle (1\u2019100m de d\u00e9nivel\u00e9). Nuit \u00e0 l\u2019H\u00f4tel Ruitor.<\/span><span data-ccp-props=\"{&quot;201341983&quot;:0,&quot;335559739&quot;:160,&quot;335559740&quot;:259,&quot;469777462&quot;:[1418],&quot;469777927&quot;:[0],&quot;469777928&quot;:[1]}\"><br \/>\n<\/span><\/li>\n<li>11 mars<span style=\"font-size: 1rem;\"><br \/>\n<\/span><span style=\"font-size: 1rem;\" data-contrast=\"none\">D\u00e9part pour Cogne et mont\u00e9e au refuge Vittorio Sella (950 m de d\u00e9nivel\u00e9), nuit au refuge.<\/span><\/li>\n<li>12 mars<span style=\"font-size: 1rem;\"><br \/>\n<\/span><span style=\"font-size: 1rem;\" data-contrast=\"none\">Grand Serre (3550m \u2013 950m de d\u00e9nivel\u00e9). Nuit \u00e0 l\u2019H\u00f4tel Ruitor.<\/span><\/li>\n<li>13 mars<span style=\"font-size: 1rem;\"><br \/>\n<\/span><span style=\"font-size: 1rem;\" data-contrast=\"none\">Journ\u00e9e dans la Valgrisenche.<\/span><\/li>\n<li>14 mars<span style=\"font-size: 1rem;\"><br \/>\n<\/span><span style=\"font-size: 1rem;\" data-contrast=\"none\">D\u00e9part pour le refuge Cr\u00eate S\u00e8che (Valpelline\/Bionaz) pour la nuit.<\/span><\/li>\n<li>15 mars<span style=\"font-size: 1rem;\"><br \/>\n<\/span><span style=\"font-size: 1rem;\" data-contrast=\"none\">Mont Gel\u00e9 (3\u2019500m &#8211; 1&rsquo;100m de d\u00e9nivel\u00e9), retour en Suisse.<\/span><span style=\"font-size: 1rem;\" data-ccp-props=\"{&quot;201341983&quot;:0,&quot;335559739&quot;:160,&quot;335559740&quot;:259,&quot;469777462&quot;:[1418],&quot;469777927&quot;:[0],&quot;469777928&quot;:[1]}\">\u00a0<\/span><\/li>\n<\/ul>\n","protected":false},"excerpt":{"rendered":"<p>9 mars Rendez-vous \u00e0 8h30 \u2013 9h00 \u00e0 Sous le Pont (Saint Remy en Bosses) pour une randonn\u00e9e \u00e0 proximit\u00e9. Nuit \u00e0 l\u2019H\u00f4tel Ruitor.\u00a0 10 mars T\u00eate des Fras depuis &hellip; <\/p>\n<p class=\"link-more\"><a href=\"https:\/\/cas-chasseron.ch\/index.php\/agenda\/ski-de-rando-vallee-daoste-avec-guide-pd-ad\/\" class=\"more-link\">Continuer la lecture<span class=\"screen-reader-text\"> de &laquo;&nbsp;Ski de rando &#8211; Vall\u00e9e d&rsquo;Aoste (avec guide) &#8211; PD, AD&nbsp;&raquo;<\/span><\/a><\/p>\n","protected":false},"author":3,"featured_media":1591,"template":"","meta":{"_tribe_events_status":"","_tribe_events_status_reason":"","footnotes":""},"tags":[],"tribe_events_cat":[32],"class_list":["post-1590","tribe_events","type-tribe_events","status-publish","has-post-thumbnail","hentry","tribe_events_cat-ski-de-randonnee","cat_ski-de-randonnee"],"_links":{"self":[{"href":"https:\/\/cas-chasseron.ch\/index.php\/wp-json\/wp\/v2\/tribe_events\/1590","targetHints":{"allow":["GET"]}}],"collection":[{"href":"https:\/\/cas-chasseron.ch\/index.php\/wp-json\/wp\/v2\/tribe_events"}],"about":[{"href":"https:\/\/cas-chasseron.ch\/index.php\/wp-json\/wp\/v2\/types\/tribe_events"}],"author":[{"embeddable":true,"href":"https:\/\/cas-chasseron.ch\/index.php\/wp-json\/wp\/v2\/users\/3"}],"version-history":[{"count":3,"href":"https:\/\/cas-chasseron.ch\/index.php\/wp-json\/wp\/v2\/tribe_events\/1590\/revisions"}],"predecessor-version":[{"id":1625,"href":"https:\/\/cas-chasseron.ch\/index.php\/wp-json\/wp\/v2\/tribe_events\/1590\/revisions\/1625"}],"wp:featuredmedia":[{"embeddable":true,"href":"https:\/\/cas-chasseron.ch\/index.php\/wp-json\/wp\/v2\/media\/1591"}],"wp:attachment":[{"href":"https:\/\/cas-chasseron.ch\/index.php\/wp-json\/wp\/v2\/media?parent=1590"}],"wp:term":[{"taxonomy":"post_tag","embeddable":true,"href":"https:\/\/cas-chasseron.ch\/index.php\/wp-json\/wp\/v2\/tags?post=1590"},{"taxonomy":"tribe_events_cat","embeddable":true,"href":"https:\/\/cas-chasseron.ch\/index.php\/wp-json\/wp\/v2\/tribe_events_cat?post=1590"}],"curies":[{"name":"wp","href":"https:\/\/api.w.org\/{rel}","templated":true}]}}

Ski de rando &#8211; Vallée d&rsquo;Aoste (avec guide) &#8211; PD, AD

<ul>
<li><span data-contrast="none">9 mars</span><br />
<span data-contrast="none">Rendez-vous à 8h30 – 9h00 à Sous le Pont (Saint Remy en Bosses) pour une randonnée à</span> <span data-contrast="none">proximité. Nuit à l’Hôtel Ruitor.</span><span data-ccp-props="{&quot;201341983&quot;:0,&quot;335559739&quot;:160,&quot;335559740&quot;:259,&quot;469777462&quot;:[1418],&quot;469777927&quot;:[0],&quot;469777928&quot;:[1]}"> </span></li>
<li><span data-contrast="none">10 mars</span><br />
<span data-contrast="none">Tête des Fras depuis Morge – la Salle (1’100m de dénivelé). Nuit à l’Hôtel Ruitor.</span><span data-ccp-props="{&quot;201341983&quot;:0,&quot;335559739&quot;:160,&quot;335559740&quot;:259,&quot;469777462&quot;:[1418],&quot;469777927&quot;:[0],&quot;469777928&quot;:[1]}"><br />
</span></li>
<li>11 mars<span style="font-size: 1rem;"><br />
</span><span style="font-size: 1rem;" data-contrast="none">Départ pour Cogne et montée au refuge Vittorio Sella (950 m de dénivelé), nuit au refuge.</span></li>
<li>12 mars<span style="font-size: 1rem;"><br />
</span><span style="font-size: 1rem;" data-contrast="none">Grand Serre (3550m – 950m de dénivelé). Nuit à l’Hôtel Ruitor.</span></li>
<li>13 mars<span style="font-size: 1rem;"><br />
</span><span style="font-size: 1rem;" data-contrast="none">Journée dans la Valgrisenche.</span></li>
<li>14 mars<span style="font-size: 1rem;"><br />
</span><span style="font-size: 1rem;" data-contrast="none">Départ pour le refuge Crête Sèche (Valpelline/Bionaz) pour la nuit.</span></li>
<li>15 mars<span style="font-size: 1rem;"><br />
</span><span style="font-size: 1rem;" data-contrast="none">Mont Gelé (3’500m &#8211; 1&rsquo;100m de dénivelé), retour en Suisse.</span><span style="font-size: 1rem;" data-ccp-props="{&quot;201341983&quot;:0,&quot;335559739&quot;:160,&quot;335559740&quot;:259,&quot;469777462&quot;:[1418],&quot;469777927&quot;:[0],&quot;469777928&quot;:[1]}"> </span></li>
</ul>

<p>9 mars Rendez-vous à 8h30 – 9h00 à Sous le Pont (Saint Remy en Bosses) pour une randonnée à proximité. Nuit à l’Hôtel Ruitor.  10 mars Tête des Fras depuis &hellip; </p>
<p class="link-more"><a href="https://cas-chasseron.ch/index.php/agenda/ski-de-rando-vallee-daoste-avec-guide-pd-ad/" class="more-link">Continuer la lecture<span class="screen-reader-text"> de &laquo;&nbsp;Ski de rando &#8211; Vallée d&rsquo;Aoste (avec guide) &#8211; PD, AD&nbsp;&raquo;</span></a></p>
