{"id":588,"date":"2022-10-23T13:33:06","date_gmt":"2022-10-23T11:33:06","guid":{"rendered":"http:\/\/test.cas-chasseron.ch\/wordpress\/?post_type=tribe_events&#038;p=588"},"modified":"2022-11-22T19:29:03","modified_gmt":"2022-11-22T18:29:03","slug":"semaine-ski-de-randonnee","status":"publish","type":"tribe_events","link":"https:\/\/cas-chasseron.ch\/index.php\/agenda\/semaine-ski-de-randonnee\/","title":{"rendered":"S\u00e9jour ski de randonn\u00e9e \u00e0 Rueras (Grisons)"},"content":{"rendered":"<p>D\u00e9part\u00a0: Place Longereuse, Fleurier \u00e0 17h00, direction notre h\u00f4tel \u00e0 Rueras.<\/p>\n<p>Programme\u00a0:<\/p>\n<p>25.02.2023, mont\u00e9e avec le Matterhorn Gotthard Bahn jusqu\u2019au col de l\u2019Oberalp. Ascension du Pazolastock, descente sur Nurschalas et remont\u00e9e \u00e0 la cabane de Maighels. Possibilit\u00e9 de monter encore au Piz Cavradi.<\/p>\n<p>26.02.2023, t\u00e9l\u00e9cabine jusqu\u2019au barrage Nalps, mont\u00e9e jusqu\u2019au Tgom\u2019Aulta puis Piz M\u00e1ler, descente vers Selva.<\/p>\n<p>27.02.2023, t\u00e9l\u00e9cabine jusqu\u2019au Piz Ault. Apr\u00e8s 40 minutes de mont\u00e9e, on met les skis sur le sac \u00e0 dos pour la travers\u00e9e de la Fuorcla Piz Ault, puis direction le glacier de Brunnifirn et mont\u00e9e au sommet de l\u2019Oberalpstock. Descente sur le Val Strem.<\/p>\n<p>28.02.2023, ascension du Chr\u00fczlistock. Diff\u00e9rentes possibilit\u00e9s pour la descente.<\/p>\n<p>01.03.2023, mont\u00e9e de l\u2019Alp Glivers et du Piz Schigels, une petite bi\u00e8re et retour \u00e0 la maison.<\/p>\n<p>Inscriptions\u00a0: jusqu\u2019au 20 d\u00e9cembre 2022 aupr\u00e8s des organisateurs.<\/p>\n<p>Nombre de places\u00a0: illimit\u00e9s.<\/p>\n<p>Budget :\u00a0 frais de guide, chambre double avec demi-pension, environ<br \/>\nCHF 300.00 par jour, soit CHF 1&rsquo;500.00.<\/p>\n<p>Non compris dans le prix\u00a0: transports publics, remont\u00e9es m\u00e9caniques et boissons.<\/p>\n<p>&nbsp;<\/p>\n<p>Organisateurs\u00a0: Charly Kocher, t\u00e9l. 079\u00a0219 52 27<\/p>\n<p>Isabelle Vaucher, t\u00e9l. 079\u00a0626 31 26.<\/p>\n","protected":false},"excerpt":{"rendered":"<p>D\u00e9part\u00a0: Place Longereuse, Fleurier \u00e0 17h00, direction notre h\u00f4tel \u00e0 Rueras. Programme\u00a0: 25.02.2023, mont\u00e9e avec le Matterhorn Gotthard Bahn jusqu\u2019au col de l\u2019Oberalp. Ascension du Pazolastock, descente sur Nurschalas et &hellip; <\/p>\n<p class=\"link-more\"><a href=\"https:\/\/cas-chasseron.ch\/index.php\/agenda\/semaine-ski-de-randonnee\/\" class=\"more-link\">Continuer la lecture<span class=\"screen-reader-text\"> de &laquo;&nbsp;S\u00e9jour ski de randonn\u00e9e \u00e0 Rueras (Grisons)&nbsp;&raquo;<\/span><\/a><\/p>\n","protected":false},"author":2,"featured_media":1041,"template":"","meta":{"_tribe_events_status":"","_tribe_events_status_reason":"","footnotes":""},"tags":[],"tribe_events_cat":[20,32],"class_list":["post-588","tribe_events","type-tribe_events","status-publish","has-post-thumbnail","hentry","tribe_events_cat-course","tribe_events_cat-ski-de-randonnee","cat_course","cat_ski-de-randonnee"],"_links":{"self":[{"href":"https:\/\/cas-chasseron.ch\/index.php\/wp-json\/wp\/v2\/tribe_events\/588","targetHints":{"allow":["GET"]}}],"collection":[{"href":"https:\/\/cas-chasseron.ch\/index.php\/wp-json\/wp\/v2\/tribe_events"}],"about":[{"href":"https:\/\/cas-chasseron.ch\/index.php\/wp-json\/wp\/v2\/types\/tribe_events"}],"author":[{"embeddable":true,"href":"https:\/\/cas-chasseron.ch\/index.php\/wp-json\/wp\/v2\/users\/2"}],"version-history":[{"count":4,"href":"https:\/\/cas-chasseron.ch\/index.php\/wp-json\/wp\/v2\/tribe_events\/588\/revisions"}],"predecessor-version":[{"id":995,"href":"https:\/\/cas-chasseron.ch\/index.php\/wp-json\/wp\/v2\/tribe_events\/588\/revisions\/995"}],"wp:featuredmedia":[{"embeddable":true,"href":"https:\/\/cas-chasseron.ch\/index.php\/wp-json\/wp\/v2\/media\/1041"}],"wp:attachment":[{"href":"https:\/\/cas-chasseron.ch\/index.php\/wp-json\/wp\/v2\/media?parent=588"}],"wp:term":[{"taxonomy":"post_tag","embeddable":true,"href":"https:\/\/cas-chasseron.ch\/index.php\/wp-json\/wp\/v2\/tags?post=588"},{"taxonomy":"tribe_events_cat","embeddable":true,"href":"https:\/\/cas-chasseron.ch\/index.php\/wp-json\/wp\/v2\/tribe_events_cat?post=588"}],"curies":[{"name":"wp","href":"https:\/\/api.w.org\/{rel}","templated":true}]}}

Séjour ski de randonnée à Rueras (Grisons)

<p>Départ : Place Longereuse, Fleurier à 17h00, direction notre hôtel à Rueras.</p>
<p>Programme :</p>
<p>25.02.2023, montée avec le Matterhorn Gotthard Bahn jusqu’au col de l’Oberalp. Ascension du Pazolastock, descente sur Nurschalas et remontée à la cabane de Maighels. Possibilité de monter encore au Piz Cavradi.</p>
<p>26.02.2023, télécabine jusqu’au barrage Nalps, montée jusqu’au Tgom’Aulta puis Piz Máler, descente vers Selva.</p>
<p>27.02.2023, télécabine jusqu’au Piz Ault. Après 40 minutes de montée, on met les skis sur le sac à dos pour la traversée de la Fuorcla Piz Ault, puis direction le glacier de Brunnifirn et montée au sommet de l’Oberalpstock. Descente sur le Val Strem.</p>
<p>28.02.2023, ascension du Chrüzlistock. Différentes possibilités pour la descente.</p>
<p>01.03.2023, montée de l’Alp Glivers et du Piz Schigels, une petite bière et retour à la maison.</p>
<p>Inscriptions : jusqu’au 20 décembre 2022 auprès des organisateurs.</p>
<p>Nombre de places : illimités.</p>
<p>Budget :  frais de guide, chambre double avec demi-pension, environ<br />
CHF 300.00 par jour, soit CHF 1&rsquo;500.00.</p>
<p>Non compris dans le prix : transports publics, remontées mécaniques et boissons.</p>
<p>&nbsp;</p>
<p>Organisateurs : Charly Kocher, tél. 079 219 52 27</p>
<p>Isabelle Vaucher, tél. 079 626 31 26.</p>

<p>Départ : Place Longereuse, Fleurier à 17h00, direction notre hôtel à Rueras. Programme : 25.02.2023, montée avec le Matterhorn Gotthard Bahn jusqu’au col de l’Oberalp. Ascension du Pazolastock, descente sur Nurschalas et &hellip; </p>
<p class="link-more"><a href="https://cas-chasseron.ch/index.php/agenda/semaine-ski-de-randonnee/" class="more-link">Continuer la lecture<span class="screen-reader-text"> de &laquo;&nbsp;Séjour ski de randonnée à Rueras (Grisons)&nbsp;&raquo;</span></a></p>
