{"id":607,"date":"2022-10-23T14:30:08","date_gmt":"2022-10-23T12:30:08","guid":{"rendered":"http:\/\/test.cas-chasseron.ch\/wordpress\/?post_type=tribe_events&#038;p=607"},"modified":"2022-10-23T16:50:23","modified_gmt":"2022-10-23T14:50:23","slug":"125eme-cas-chasseron-journee-decouverte","status":"publish","type":"tribe_events","link":"https:\/\/cas-chasseron.ch\/index.php\/agenda\/125eme-cas-chasseron-journee-decouverte\/","title":{"rendered":"125\u00e8me CAS Chasseron &#8211; Journ\u00e9e d\u00e9couverte"},"content":{"rendered":"<div class=\"yiv3619945093\">Le Club Alpin Suisse section Chasseron, F\u00eate ses 125 ans !<\/div>\n<div class=\"yiv3619945093\">A cette occasion, des activit\u00e9s autours du th\u00e8me alpin sont propos\u00e9es gratuitement.<\/div>\n<div class=\"yiv3619945093\"><\/div>\n<div class=\"yiv3619945093\">Quand ? Le 5 novembre 2022 de 10h \u00e0 16h<\/div>\n<div class=\"yiv3619945093\">O\u00f9 ? Espace val \u00e0 Couvet<\/div>\n<div class=\"yiv3619945093\">Pour qui ? Petits et grands, Id\u00e9al en famille<\/div>\n<div class=\"yiv3619945093\"><\/div>\n<ul class=\"yiv3619945093\">\n<li class=\"yiv3619945093\">Sortie accompagn\u00e9e \u00e0 la via ferrata du Tichodrome (<span class=\"yiv3619945093\">d\u00e8s 10 ans)<\/span>. RDV 09h30 \u00e0 espaceVAL. Location du mat\u00e9riel offerte.<\/li>\n<li class=\"yiv3619945093\"><span class=\"yiv3619945093\">Animations autour de l\u2019\u00e9quilibre toute la journ\u00e9e dans le hall, pour les plus jeunes<\/span><\/li>\n<li class=\"yiv3619945093\">Initiation \u00e0 l\u2019escalade pour petits et grands. Formation aux gestes de base.<\/li>\n<li class=\"yiv3619945093\">Technique de corde<\/li>\n<li class=\"yiv3619945093\">2 slacklines en place pour tester votre sens de l\u2019\u00e9quilibre<span class=\"yiv3619945093\">\u00a0<\/span><\/li>\n<li class=\"yiv3619945093\"><span class=\"yiv3619945093\"><span class=\"yiv3619945093\" style=\"color: #666666; font-family: Montserrat, Helvetica, Arial, Lucida, sans-serif;\">Encadrement par les membres du Club Alpin<\/span><\/span><\/li>\n<\/ul>\n","protected":false},"excerpt":{"rendered":"<p>Le Club Alpin Suisse section Chasseron, F\u00eate ses 125 ans ! A cette occasion, des activit\u00e9s autours du th\u00e8me alpin sont propos\u00e9es gratuitement. Quand ? Le 5 novembre 2022 de &hellip; <\/p>\n<p class=\"link-more\"><a href=\"https:\/\/cas-chasseron.ch\/index.php\/agenda\/125eme-cas-chasseron-journee-decouverte\/\" class=\"more-link\">Continuer la lecture<span class=\"screen-reader-text\"> de &laquo;&nbsp;125\u00e8me CAS Chasseron &#8211; Journ\u00e9e d\u00e9couverte&nbsp;&raquo;<\/span><\/a><\/p>\n","protected":false},"author":2,"featured_media":608,"template":"","meta":{"_tribe_events_status":"","_tribe_events_status_reason":"","footnotes":""},"tags":[],"tribe_events_cat":[35,23],"class_list":["post-607","tribe_events","type-tribe_events","status-publish","has-post-thumbnail","hentry","tribe_events_cat-escalade","tribe_events_cat-manifestation","cat_escalade","cat_manifestation"],"_links":{"self":[{"href":"https:\/\/cas-chasseron.ch\/index.php\/wp-json\/wp\/v2\/tribe_events\/607","targetHints":{"allow":["GET"]}}],"collection":[{"href":"https:\/\/cas-chasseron.ch\/index.php\/wp-json\/wp\/v2\/tribe_events"}],"about":[{"href":"https:\/\/cas-chasseron.ch\/index.php\/wp-json\/wp\/v2\/types\/tribe_events"}],"author":[{"embeddable":true,"href":"https:\/\/cas-chasseron.ch\/index.php\/wp-json\/wp\/v2\/users\/2"}],"version-history":[{"count":5,"href":"https:\/\/cas-chasseron.ch\/index.php\/wp-json\/wp\/v2\/tribe_events\/607\/revisions"}],"predecessor-version":[{"id":633,"href":"https:\/\/cas-chasseron.ch\/index.php\/wp-json\/wp\/v2\/tribe_events\/607\/revisions\/633"}],"wp:featuredmedia":[{"embeddable":true,"href":"https:\/\/cas-chasseron.ch\/index.php\/wp-json\/wp\/v2\/media\/608"}],"wp:attachment":[{"href":"https:\/\/cas-chasseron.ch\/index.php\/wp-json\/wp\/v2\/media?parent=607"}],"wp:term":[{"taxonomy":"post_tag","embeddable":true,"href":"https:\/\/cas-chasseron.ch\/index.php\/wp-json\/wp\/v2\/tags?post=607"},{"taxonomy":"tribe_events_cat","embeddable":true,"href":"https:\/\/cas-chasseron.ch\/index.php\/wp-json\/wp\/v2\/tribe_events_cat?post=607"}],"curies":[{"name":"wp","href":"https:\/\/api.w.org\/{rel}","templated":true}]}}

125ème CAS Chasseron &#8211; Journée découverte

<div class="yiv3619945093">Le Club Alpin Suisse section Chasseron, Fête ses 125 ans !</div>
<div class="yiv3619945093">A cette occasion, des activités autours du thème alpin sont proposées gratuitement.</div>
<div class="yiv3619945093"></div>
<div class="yiv3619945093">Quand ? Le 5 novembre 2022 de 10h à 16h</div>
<div class="yiv3619945093">Où ? Espace val à Couvet</div>
<div class="yiv3619945093">Pour qui ? Petits et grands, Idéal en famille</div>
<div class="yiv3619945093"></div>
<ul class="yiv3619945093">
<li class="yiv3619945093">Sortie accompagnée à la via ferrata du Tichodrome (<span class="yiv3619945093">dès 10 ans)</span>. RDV 09h30 à espaceVAL. Location du matériel offerte.</li>
<li class="yiv3619945093"><span class="yiv3619945093">Animations autour de l’équilibre toute la journée dans le hall, pour les plus jeunes</span></li>
<li class="yiv3619945093">Initiation à l’escalade pour petits et grands. Formation aux gestes de base.</li>
<li class="yiv3619945093">Technique de corde</li>
<li class="yiv3619945093">2 slacklines en place pour tester votre sens de l’équilibre<span class="yiv3619945093"> </span></li>
<li class="yiv3619945093"><span class="yiv3619945093"><span class="yiv3619945093" style="color: #666666; font-family: Montserrat, Helvetica, Arial, Lucida, sans-serif;">Encadrement par les membres du Club Alpin</span></span></li>
</ul>

<p>Le Club Alpin Suisse section Chasseron, Fête ses 125 ans ! A cette occasion, des activités autours du thème alpin sont proposées gratuitement. Quand ? Le 5 novembre 2022 de &hellip; </p>
<p class="link-more"><a href="https://cas-chasseron.ch/index.php/agenda/125eme-cas-chasseron-journee-decouverte/" class="more-link">Continuer la lecture<span class="screen-reader-text"> de &laquo;&nbsp;125ème CAS Chasseron &#8211; Journée découverte&nbsp;&raquo;</span></a></p>
