{"id":845,"date":"2022-10-24T20:54:13","date_gmt":"2022-10-24T18:54:13","guid":{"rendered":"http:\/\/test.cas-chasseron.ch\/wordpress\/?post_type=tribe_events&#038;p=845"},"modified":"2023-03-06T11:25:24","modified_gmt":"2023-03-06T10:25:24","slug":"vtt-chaumont-chasseral","status":"publish","type":"tribe_events","link":"https:\/\/cas-chasseron.ch\/index.php\/agenda\/vtt-chaumont-chasseral\/","title":{"rendered":"Vtt Chaumont-Chasseral"},"content":{"rendered":"<div>\n<div>Belle sortie en\u00a0<span class=\"yiv6846674691gmail-il\">VTT<\/span>\u00a0le long des cr\u00eates du Jura, en aller-retour de Chaumont \u00e0\u00a0<span class=\"yiv6846674691gmail-il\">Chasseral<\/span>.<\/div>\n<div><\/div>\n<div>De difficult\u00e9 technique moyenne, c&rsquo;est un trac\u00e9 type du genre de la Vallonni\u00e8re.<\/div>\n<div><\/div>\n<div>Possibilit\u00e9 de monter depuis Neuch\u00e2tel jusqu&rsquo;\u00e0 Chaumont en\u00a0<span class=\"yiv6846674691gmail-il\">VTT<\/span>\u00a0ou de couper avec le Funi de la Coudre.<\/div>\n<div><\/div>\n<div>Env. 5h avec 1000m de d\u00e9nivel\u00e9 et 40km\u00a0pour l&rsquo;aller-retour (600m et 1h30 de plus pour monter \u00e0 depuis Neuch\u00e2tel en VTT).<\/div>\n<div><\/div>\n<\/div>\n<div>Selon les participants, le rendez-vous se fera soit aux Roches de l&rsquo;Ermitage (8h30) ou \u00e0 l&rsquo;arriv\u00e9e du Funi \u00e0 Chaumont (10h00). Cet\u00a0horaire permet de contenter tout le monde et de voyager en voiture ou en TP.<\/div>\n<div><\/div>\n<div>\n<div>Pr\u00e9voir un pique-nique.<\/div>\n<div>Inscription chez\u00a0<a href=\"mailto:florian.zbinden@gmail.com\" target=\"_blank\" rel=\"nofollow noopener noreferrer\">florian.zbinden@gmail.com<\/a>\u00a0ou 076\/309.15.08<\/div>\n<\/div>\n","protected":false},"excerpt":{"rendered":"<p>Belle sortie en\u00a0VTT\u00a0le long des cr\u00eates du Jura, en aller-retour de Chaumont \u00e0\u00a0Chasseral. De difficult\u00e9 technique moyenne, c&rsquo;est un trac\u00e9 type du genre de la Vallonni\u00e8re. Possibilit\u00e9 de monter depuis &hellip; <\/p>\n<p class=\"link-more\"><a href=\"https:\/\/cas-chasseron.ch\/index.php\/agenda\/vtt-chaumont-chasseral\/\" class=\"more-link\">Continuer la lecture<span class=\"screen-reader-text\"> de &laquo;&nbsp;Vtt Chaumont-Chasseral&nbsp;&raquo;<\/span><\/a><\/p>\n","protected":false},"author":2,"featured_media":1245,"template":"","meta":{"_tribe_events_status":"","_tribe_events_status_reason":"","footnotes":""},"tags":[],"tribe_events_cat":[20,37],"class_list":["post-845","tribe_events","type-tribe_events","status-publish","has-post-thumbnail","hentry","tribe_events_cat-course","tribe_events_cat-vtt","cat_course","cat_vtt"],"_links":{"self":[{"href":"https:\/\/cas-chasseron.ch\/index.php\/wp-json\/wp\/v2\/tribe_events\/845","targetHints":{"allow":["GET"]}}],"collection":[{"href":"https:\/\/cas-chasseron.ch\/index.php\/wp-json\/wp\/v2\/tribe_events"}],"about":[{"href":"https:\/\/cas-chasseron.ch\/index.php\/wp-json\/wp\/v2\/types\/tribe_events"}],"author":[{"embeddable":true,"href":"https:\/\/cas-chasseron.ch\/index.php\/wp-json\/wp\/v2\/users\/2"}],"version-history":[{"count":3,"href":"https:\/\/cas-chasseron.ch\/index.php\/wp-json\/wp\/v2\/tribe_events\/845\/revisions"}],"predecessor-version":[{"id":1243,"href":"https:\/\/cas-chasseron.ch\/index.php\/wp-json\/wp\/v2\/tribe_events\/845\/revisions\/1243"}],"wp:featuredmedia":[{"embeddable":true,"href":"https:\/\/cas-chasseron.ch\/index.php\/wp-json\/wp\/v2\/media\/1245"}],"wp:attachment":[{"href":"https:\/\/cas-chasseron.ch\/index.php\/wp-json\/wp\/v2\/media?parent=845"}],"wp:term":[{"taxonomy":"post_tag","embeddable":true,"href":"https:\/\/cas-chasseron.ch\/index.php\/wp-json\/wp\/v2\/tags?post=845"},{"taxonomy":"tribe_events_cat","embeddable":true,"href":"https:\/\/cas-chasseron.ch\/index.php\/wp-json\/wp\/v2\/tribe_events_cat?post=845"}],"curies":[{"name":"wp","href":"https:\/\/api.w.org\/{rel}","templated":true}]}}

<div>
<div>Belle sortie en <span class="yiv6846674691gmail-il">VTT</span> le long des crêtes du Jura, en aller-retour de Chaumont à <span class="yiv6846674691gmail-il">Chasseral</span>.</div>
<div></div>
<div>De difficulté technique moyenne, c&rsquo;est un tracé type du genre de la Vallonnière.</div>
<div></div>
<div>Possibilité de monter depuis Neuchâtel jusqu&rsquo;à Chaumont en <span class="yiv6846674691gmail-il">VTT</span> ou de couper avec le Funi de la Coudre.</div>
<div></div>
<div>Env. 5h avec 1000m de dénivelé et 40km pour l&rsquo;aller-retour (600m et 1h30 de plus pour monter à depuis Neuchâtel en VTT).</div>
<div></div>
</div>
<div>Selon les participants, le rendez-vous se fera soit aux Roches de l&rsquo;Ermitage (8h30) ou à l&rsquo;arrivée du Funi à Chaumont (10h00). Cet horaire permet de contenter tout le monde et de voyager en voiture ou en TP.</div>
<div></div>
<div>
<div>Prévoir un pique-nique.</div>
<div>Inscription chez <a href="mailto:florian.zbinden@gmail.com" target="_blank" rel="nofollow noopener noreferrer">florian.zbinden@gmail.com</a> ou 076/309.15.08</div>
</div>

<p>Belle sortie en VTT le long des crêtes du Jura, en aller-retour de Chaumont à Chasseral. De difficulté technique moyenne, c&rsquo;est un tracé type du genre de la Vallonnière. Possibilité de monter depuis &hellip; </p>
<p class="link-more"><a href="https://cas-chasseron.ch/index.php/agenda/vtt-chaumont-chasseral/" class="more-link">Continuer la lecture<span class="screen-reader-text"> de &laquo;&nbsp;Vtt Chaumont-Chasseral&nbsp;&raquo;</span></a></p>
