{"id":948,"date":"2022-10-31T17:19:56","date_gmt":"2022-10-31T16:19:56","guid":{"rendered":"https:\/\/cas-chasseron.ch\/?post_type=tribe_events&#038;p=948"},"modified":"2022-12-22T14:50:54","modified_gmt":"2022-12-22T13:50:54","slug":"semaine-dautomne-de-randonnee","status":"publish","type":"tribe_events","link":"https:\/\/cas-chasseron.ch\/index.php\/agenda\/semaine-dautomne-de-randonnee\/","title":{"rendered":"Randonn\u00e9e dans le Vercors"},"content":{"rendered":"<p class=\"yiv8434808881MsoNormal\">Voici le programme d\u00e9taill\u00e9 de la semaine clubistique d&rsquo;automne:<\/p>\n<p class=\"yiv8434808881MsoNormal\"><strong><u><a href=\"https:\/\/cas-chasseron.ch\/wp-content\/uploads\/2022\/10\/CAS_Chasseron_Programme_Semaine_Septembre_2023.pdf\" target=\"_blank\" rel=\"noopener\">Vercors.pdf<\/a><\/u><\/strong><\/p>\n<p class=\"yiv8434808881MsoNormal\">Les int\u00e9ress\u00e9s sont pri\u00e9s de <b>s\u2019inscrire par e-mail exclusivement<\/b> aupr\u00e8s de Monique:\u00a0 <a href=\"mailto:mdenys@bluewin.ch\" target=\"_blank\" rel=\"nofollow noopener noreferrer\">mdenys@bluewin.ch<\/a> en indiquant son adresse mail et son n\u00b0 de t\u00e9l\u00e9phone portable.<\/p>\n<p class=\"yiv8434808881MsoNormal\">Les d\u00e9tails, lieux et heures de d\u00e9part par exemple seront communiqu\u00e9s en temps opportun.<\/p>\n<p class=\"yiv8434808881MsoNormal\">Un acompte sera demand\u00e9 dans le courant du printemps et le solde 2 ou 3 semaines avant le d\u00e9part.<\/p>\n<p class=\"yiv8434808881MsoNormal\">Cl\u00f4ture des inscriptions:\u00a0 <strong>28 f\u00e9vrier 2023<\/strong><\/p>\n<p>Nombre limit\u00e9 \u00e0 16 personnes<\/p>\n<p>&nbsp;<\/p>\n<p>&nbsp;<\/p>\n<p>&nbsp;<\/p>\n<p>&nbsp;<\/p>\n","protected":false},"excerpt":{"rendered":"<p>Voici le programme d\u00e9taill\u00e9 de la semaine clubistique d&rsquo;automne: Vercors.pdf Les int\u00e9ress\u00e9s sont pri\u00e9s de s\u2019inscrire par e-mail exclusivement aupr\u00e8s de Monique:\u00a0 mdenys@bluewin.ch en indiquant son adresse mail et son &hellip; <\/p>\n<p class=\"link-more\"><a href=\"https:\/\/cas-chasseron.ch\/index.php\/agenda\/semaine-dautomne-de-randonnee\/\" class=\"more-link\">Continuer la lecture<span class=\"screen-reader-text\"> de &laquo;&nbsp;Randonn\u00e9e dans le Vercors&nbsp;&raquo;<\/span><\/a><\/p>\n","protected":false},"author":2,"featured_media":1191,"template":"","meta":{"_tribe_events_status":"","_tribe_events_status_reason":"","footnotes":""},"tags":[],"tribe_events_cat":[20,31,39],"class_list":["post-948","tribe_events","type-tribe_events","status-publish","has-post-thumbnail","hentry","tribe_events_cat-course","tribe_events_cat-guide","tribe_events_cat-randonnee","cat_course","cat_guide","cat_randonnee"],"_links":{"self":[{"href":"https:\/\/cas-chasseron.ch\/index.php\/wp-json\/wp\/v2\/tribe_events\/948","targetHints":{"allow":["GET"]}}],"collection":[{"href":"https:\/\/cas-chasseron.ch\/index.php\/wp-json\/wp\/v2\/tribe_events"}],"about":[{"href":"https:\/\/cas-chasseron.ch\/index.php\/wp-json\/wp\/v2\/types\/tribe_events"}],"author":[{"embeddable":true,"href":"https:\/\/cas-chasseron.ch\/index.php\/wp-json\/wp\/v2\/users\/2"}],"version-history":[{"count":4,"href":"https:\/\/cas-chasseron.ch\/index.php\/wp-json\/wp\/v2\/tribe_events\/948\/revisions"}],"predecessor-version":[{"id":1193,"href":"https:\/\/cas-chasseron.ch\/index.php\/wp-json\/wp\/v2\/tribe_events\/948\/revisions\/1193"}],"wp:featuredmedia":[{"embeddable":true,"href":"https:\/\/cas-chasseron.ch\/index.php\/wp-json\/wp\/v2\/media\/1191"}],"wp:attachment":[{"href":"https:\/\/cas-chasseron.ch\/index.php\/wp-json\/wp\/v2\/media?parent=948"}],"wp:term":[{"taxonomy":"post_tag","embeddable":true,"href":"https:\/\/cas-chasseron.ch\/index.php\/wp-json\/wp\/v2\/tags?post=948"},{"taxonomy":"tribe_events_cat","embeddable":true,"href":"https:\/\/cas-chasseron.ch\/index.php\/wp-json\/wp\/v2\/tribe_events_cat?post=948"}],"curies":[{"name":"wp","href":"https:\/\/api.w.org\/{rel}","templated":true}]}}

Randonnée dans le Vercors

<p class="yiv8434808881MsoNormal">Voici le programme détaillé de la semaine clubistique d&rsquo;automne:</p>
<p class="yiv8434808881MsoNormal"><strong><u><a href="https://cas-chasseron.ch/wp-content/uploads/2022/10/CAS_Chasseron_Programme_Semaine_Septembre_2023.pdf" target="_blank" rel="noopener">Vercors.pdf</a></u></strong></p>
<p class="yiv8434808881MsoNormal">Les intéressés sont priés de <b>s’inscrire par e-mail exclusivement</b> auprès de Monique:  <a href="mailto:mdenys@bluewin.ch" target="_blank" rel="nofollow noopener noreferrer">mdenys@bluewin.ch</a> en indiquant son adresse mail et son n° de téléphone portable.</p>
<p class="yiv8434808881MsoNormal">Les détails, lieux et heures de départ par exemple seront communiqués en temps opportun.</p>
<p class="yiv8434808881MsoNormal">Un acompte sera demandé dans le courant du printemps et le solde 2 ou 3 semaines avant le départ.</p>
<p class="yiv8434808881MsoNormal">Clôture des inscriptions:  <strong>28 février 2023</strong></p>
<p>Nombre limité à 16 personnes</p>
<p>&nbsp;</p>
<p>&nbsp;</p>
<p>&nbsp;</p>
<p>&nbsp;</p>

<p>Voici le programme détaillé de la semaine clubistique d&rsquo;automne: Vercors.pdf Les intéressés sont priés de s’inscrire par e-mail exclusivement auprès de Monique:  mdenys@bluewin.ch en indiquant son adresse mail et son &hellip; </p>
<p class="link-more"><a href="https://cas-chasseron.ch/index.php/agenda/semaine-dautomne-de-randonnee/" class="more-link">Continuer la lecture<span class="screen-reader-text"> de &laquo;&nbsp;Randonnée dans le Vercors&nbsp;&raquo;</span></a></p>
